{"id":1467,"date":"2025-02-03T18:44:29","date_gmt":"2025-02-03T17:44:29","guid":{"rendered":"https:\/\/hippo-salzburg.at\/?page_id=1467"},"modified":"2025-02-03T18:46:15","modified_gmt":"2025-02-03T17:46:15","slug":"hippofest-sponsoring-2025","status":"publish","type":"page","link":"https:\/\/hippo-salzburg.at\/?page_id=1467","title":{"rendered":"Hippofest Sponsoring 2025"},"content":{"rendered":"\n<p><\/p>\n\n\n\n<figure class=\"wp-block-image size-large\"><a href=\"https:\/\/hippo-salzburg.at\/wp-content\/uploads\/2023\/06\/IMG_2566_hd_fpa.jpg\"><img loading=\"lazy\" width=\"1024\" height=\"683\" src=\"https:\/\/hippo-salzburg.at\/wp-content\/uploads\/2023\/06\/IMG_2566_hd_fpa-1024x683.jpg\" alt=\"\" class=\"wp-image-1385\" srcset=\"https:\/\/hippo-salzburg.at\/wp-content\/uploads\/2023\/06\/IMG_2566_hd_fpa-1024x683.jpg 1024w, https:\/\/hippo-salzburg.at\/wp-content\/uploads\/2023\/06\/IMG_2566_hd_fpa-300x200.jpg 300w, https:\/\/hippo-salzburg.at\/wp-content\/uploads\/2023\/06\/IMG_2566_hd_fpa-768x512.jpg 768w, https:\/\/hippo-salzburg.at\/wp-content\/uploads\/2023\/06\/IMG_2566_hd_fpa-1536x1025.jpg 1536w, https:\/\/hippo-salzburg.at\/wp-content\/uploads\/2023\/06\/IMG_2566_hd_fpa.jpg 1920w\" sizes=\"(max-width: 1024px) 100vw, 1024px\" \/><\/a><\/figure>\n\n\n\n<p>\u00a0\u201e<strong>Das Pferd leiht mir die Beine\u201c &#8211; Ein Tag voller Herausforderungen, Emotionen und Spa\u00df!<\/strong><\/p>\n\n\n\n<p><strong>Erm\u00f6glichen Sie mit Ihrer Spende Kindern und Jugendlichen mit K\u00f6rper- und Mehrfachbehinderungen, die mit so vielen Schwierigkeiten im Leben zu k\u00e4mpfen haben, sich in einem Reitturnier zu messen, Selbstbewusstsein zu tanken und stolz auf sich zu sein.<\/strong><\/p>\n\n\n\n<p>Zum 10. Mal findet am <strong>17<\/strong><strong>. Mai 2025<\/strong> unsere integrative Veranstaltung \u201eMeisterschaft f\u00fcr Therapeutisches Reiten\u201c mit Kinderfest im <strong>Reiterhof Moos, Moosstra\u00dfe 135 <\/strong>statt.<\/p>\n\n\n\n<p>Kinder und Jugendliche mit Beeintr\u00e4chtigung stellen Ihre Leistungen in unterschiedlichen, auf ihre Behinderung abgestimmten Reitbewerben unter Beweis. Die Turnierteilnehmer*innen kommen aus Salzburg und Umgebung.<\/p>\n\n\n\n<p>Das rund um die Meisterschaft stattfindende Kinderfest bietet f\u00fcr Gro\u00df und Klein verschiedenste Unterhaltungs-m\u00f6glichkeiten und l\u00e4sst Kinder mit und ohne Behinderung gemeinsam ihr K\u00f6nnen unter Beweis stellen.<\/p>\n\n\n\n<p>Die letzten Male nahmen neben den rund 70 Turnierteilnehmer*innen bis zu 400 Besucher*innen an der Veranstaltung teil. Die regionale Presse berichtete umfangreich mit Vor- und Nachberichterstattung. Diesmal wird es etwas kleiner sein, weil zurzeit nicht so viele Hippotherapiepl\u00e4tze in Salzburg vorhanden sind. Trotzdem soll es f\u00fcr jede\/n einzelne\/n Starter*in ein gro\u00dfer Tag werden.<\/p>\n\n\n\n<p><a><\/a> Der Eintritt ist frei! <strong>Daher sind wir auf jede Spende angewiesen<\/strong> &#8211; egal ob klein oder gro\u00df \u2013 Ihre Spende ist wichtig und wird ausschlie\u00dflich und ohne Verwaltungsaufwand f\u00fcr diese Veranstaltung und somit f\u00fcr Menschen mit Behinderung verwendet. Ihre Spende ist au\u00dferdem absetzbar!<\/p>\n\n\n\n<p>Gerne bieten wir unseren Unterst\u00fctzern verschiedene M\u00f6glichkeiten sich vor Ort zu pr\u00e4sentieren. Weitere Informationen entnehmen Sie bitte dem beiliegenden Flyer oder unserer Website <a href=\"http:\/\/www.hippo-salzburg.at\/\">www.hippo-salzburg.at<\/a>.<\/p>\n\n\n\n<p>\u00dcber eine positive R\u00fcckmeldung freue ich mich sehr und stehe f\u00fcr Fragen jederzeit gerne zur Verf\u00fcgung.<\/p>\n\n\n\n<p>Vielen Dank im Voraus!<\/p>\n\n\n\n<p>Thesy Feichtinger-Zrost<\/p>\n\n\n\n<p>Initiatorin und Organisatorin des Events<\/p>\n\n\n\n<p>Thesy Feichtinger-Zrost MSc Neuroorthop\u00e4die, Physio-, Bobath- und Hippotherapie, Tel: 0676- 403 70 73<\/p>\n\n\n\n<p><a href=\"mailto:hipposalzburg@gmx.at\">hipposalzburg@gmx.at<\/a> Leitung Hippotherapie in \u00d6sterreich, <a href=\"http:\/\/www.hippo-salzburg.at\/\">www.hippo-salzburg.at<\/a><\/p>\n\n\n\n<p><strong>Spendenkonto f\u00fcr Hippotherapie, Raiffeisenkassa Gr\u00f6dig,<\/strong><br><strong>IBAN: <\/strong><strong>AT87 3501 8000 0079 8421 \u2013 RVSAAT2S018 (SWIFT)<\/strong><\/p>\n","protected":false},"excerpt":{"rendered":"<p>\u00a0\u201eDas Pferd leiht mir die Beine\u201c &#8211; Ein Tag voller Herausforderungen, Emotionen und Spa\u00df! Erm\u00f6glichen Sie mit Ihrer Spende Kindern und Jugendlichen mit K\u00f6rper- und Mehrfachbehinderungen, die mit so vielen Schwierigkeiten im Leben zu k\u00e4mpfen haben, sich in einem Reitturnier&hellip; <\/p>\n","protected":false},"author":2,"featured_media":1385,"parent":19,"menu_order":102,"comment_status":"closed","ping_status":"closed","template":"","meta":[],"_links":{"self":[{"href":"https:\/\/hippo-salzburg.at\/index.php?rest_route=\/wp\/v2\/pages\/1467"}],"collection":[{"href":"https:\/\/hippo-salzburg.at\/index.php?rest_route=\/wp\/v2\/pages"}],"about":[{"href":"https:\/\/hippo-salzburg.at\/index.php?rest_route=\/wp\/v2\/types\/page"}],"author":[{"embeddable":true,"href":"https:\/\/hippo-salzburg.at\/index.php?rest_route=\/wp\/v2\/users\/2"}],"replies":[{"embeddable":true,"href":"https:\/\/hippo-salzburg.at\/index.php?rest_route=%2Fwp%2Fv2%2Fcomments&post=1467"}],"version-history":[{"count":2,"href":"https:\/\/hippo-salzburg.at\/index.php?rest_route=\/wp\/v2\/pages\/1467\/revisions"}],"predecessor-version":[{"id":1470,"href":"https:\/\/hippo-salzburg.at\/index.php?rest_route=\/wp\/v2\/pages\/1467\/revisions\/1470"}],"up":[{"embeddable":true,"href":"https:\/\/hippo-salzburg.at\/index.php?rest_route=\/wp\/v2\/pages\/19"}],"wp:featuredmedia":[{"embeddable":true,"href":"https:\/\/hippo-salzburg.at\/index.php?rest_route=\/wp\/v2\/media\/1385"}],"wp:attachment":[{"href":"https:\/\/hippo-salzburg.at\/index.php?rest_route=%2Fwp%2Fv2%2Fmedia&parent=1467"}],"curies":[{"name":"wp","href":"https:\/\/api.w.org\/{rel}","templated":true}]}}