{"id":15,"date":"2014-01-22T12:04:43","date_gmt":"2014-01-22T10:04:43","guid":{"rendered":""},"modified":"2019-08-14T17:54:36","modified_gmt":"2019-08-14T15:54:36","slug":"aktivitaeten","status":"publish","type":"page","link":"https:\/\/hippo-salzburg.at\/?page_id=15","title":{"rendered":"Aktivit\u00e4ten"},"content":{"rendered":"<h2><span style=\"background-color: #ffffff; color: #00ccff;\">Hippo Intensivwoche<img loading=\"lazy\" class=\"alignright wp-image-338 size-full\" src=\"https:\/\/hippo-salzburg.at\/wp-content\/uploads\/2014\/01\/Button_Intensivwoche_small.jpg\" alt=\"\" width=\"100\" height=\"100\" srcset=\"https:\/\/hippo-salzburg.at\/wp-content\/uploads\/2014\/01\/Button_Intensivwoche_small.jpg 100w, https:\/\/hippo-salzburg.at\/wp-content\/uploads\/2014\/01\/Button_Intensivwoche_small-80x80.jpg 80w\" sizes=\"(max-width: 100px) 100vw, 100px\" \/><\/span><\/h2>\n<p>Eine Woche Spa\u00df und besondere Aufmerksamkeit, speziell darauf ausgerichtet die Probleme behinderter Kinder gezielt zu verbessern<\/p>\n<p style=\"padding-left: 30px;\"><a title=\"Hippo Intensivwochen\" href=\"https:\/\/hippo-salzburg.at\/?page_id=33\">&gt;mehr Informationen&lt;<\/a><\/p>\n<p style=\"padding-left: 30px;\">.<\/p>\n<h2><span style=\"color: #00ccff;\">Hippofest<img loading=\"lazy\" class=\"alignright wp-image-334 size-full\" src=\"https:\/\/hippo-salzburg.at\/wp-content\/uploads\/2014\/01\/Button_Hippofest_small.jpg\" alt=\"\" width=\"100\" height=\"100\" srcset=\"https:\/\/hippo-salzburg.at\/wp-content\/uploads\/2014\/01\/Button_Hippofest_small.jpg 100w, https:\/\/hippo-salzburg.at\/wp-content\/uploads\/2014\/01\/Button_Hippofest_small-80x80.jpg 80w\" sizes=\"(max-width: 100px) 100vw, 100px\" \/><\/span><\/h2>\n<p>Im Mittelpunkt dieses Reiterfestes stehen Erwachsene und Kinder mit verschiedenen Behinderungen.<\/p>\n<p>Sie messen sich in verschiedenen, speziell f\u00fcr sie ausgerichteten Disziplinen am Pferd, w\u00e4hrend drumherum ein Fest f\u00fcr Gro\u00df und Klein stattfindet.<\/p>\n<p style=\"padding-left: 30px;\"><a title=\"Fest und Meisterschaft\" href=\"https:\/\/hippo-salzburg.at\/?page_id=35\">&gt;mehr Informationen&lt;<\/a><\/p>\n<h2><span style=\"color: #00ccff;\">Fotos<img loading=\"lazy\" class=\"alignright wp-image-336 size-full\" src=\"https:\/\/hippo-salzburg.at\/wp-content\/uploads\/2014\/01\/Button_HippofestFotos_small.jpg\" alt=\"\" width=\"100\" height=\"100\" srcset=\"https:\/\/hippo-salzburg.at\/wp-content\/uploads\/2014\/01\/Button_HippofestFotos_small.jpg 100w, https:\/\/hippo-salzburg.at\/wp-content\/uploads\/2014\/01\/Button_HippofestFotos_small-80x80.jpg 80w\" sizes=\"(max-width: 100px) 100vw, 100px\" \/><\/span><\/h2>\n<p>Die aktuellen Fotos zu Festen und Intensivwochen<\/p>\n<p style=\"padding-left: 30px;\"><a href=\"https:\/\/hippo-salzburg.at\/?page_id=17\">&gt;im Archiv&lt;<\/a><\/p>\n","protected":false},"excerpt":{"rendered":"<p>Hippo Intensivwoche Eine Woche Spa\u00df und besondere Aufmerksamkeit, speziell darauf ausgerichtet die Probleme behinderter Kinder gezielt zu verbessern &gt;mehr Informationen&lt; . Hippofest Im Mittelpunkt dieses Reiterfestes stehen Erwachsene und Kinder mit verschiedenen Behinderungen. Sie messen sich in verschiedenen, speziell f\u00fcr&hellip; <\/p>\n","protected":false},"author":3,"featured_media":0,"parent":0,"menu_order":2,"comment_status":"closed","ping_status":"open","template":"","meta":[],"_links":{"self":[{"href":"https:\/\/hippo-salzburg.at\/index.php?rest_route=\/wp\/v2\/pages\/15"}],"collection":[{"href":"https:\/\/hippo-salzburg.at\/index.php?rest_route=\/wp\/v2\/pages"}],"about":[{"href":"https:\/\/hippo-salzburg.at\/index.php?rest_route=\/wp\/v2\/types\/page"}],"author":[{"embeddable":true,"href":"https:\/\/hippo-salzburg.at\/index.php?rest_route=\/wp\/v2\/users\/3"}],"replies":[{"embeddable":true,"href":"https:\/\/hippo-salzburg.at\/index.php?rest_route=%2Fwp%2Fv2%2Fcomments&post=15"}],"version-history":[{"count":19,"href":"https:\/\/hippo-salzburg.at\/index.php?rest_route=\/wp\/v2\/pages\/15\/revisions"}],"predecessor-version":[{"id":1285,"href":"https:\/\/hippo-salzburg.at\/index.php?rest_route=\/wp\/v2\/pages\/15\/revisions\/1285"}],"wp:attachment":[{"href":"https:\/\/hippo-salzburg.at\/index.php?rest_route=%2Fwp%2Fv2%2Fmedia&parent=15"}],"curies":[{"name":"wp","href":"https:\/\/api.w.org\/{rel}","templated":true}]}}