{"id":33,"date":"2014-01-22T18:03:04","date_gmt":"2014-01-22T16:03:04","guid":{"rendered":""},"modified":"2019-07-02T16:28:22","modified_gmt":"2019-07-02T14:28:22","slug":"hippo-intensivwochen","status":"publish","type":"page","link":"https:\/\/hippo-salzburg.at\/?page_id=33","title":{"rendered":"Hippo Intensivwochen"},"content":{"rendered":"<h1 style=\"text-align: center;\"><span style=\"color: #00ccff;\">Hippotherapie Intensivwoche<\/span><\/h1>\n<h3 style=\"text-align: center;\"><span style=\"color: #00ccff;\">Die besondere Form der Physiotherapie<\/span><\/h3>\n<p><strong>Zeit<\/strong>: Erste oder zweite Sommerferienwoche t\u00e4glich von 09.30 bis 16.30 Uhr<br \/>\n<strong>Ort<\/strong>: Therapiestall Haslauer, Moosstra\u00dfe 131, 5020 Salzburg<br \/>\n<strong>Finanzierung<\/strong>: GENERALI Versicherung sowie Ambulatorium f\u00fcr Entwicklungsdiagnostik und Therapie der Lebenshilfe Salzburg<br \/>\n<strong>Planung und Durchf\u00fchrung<\/strong>: Thesy Feichtinger-Zrost in Zusammenarbeit mit dem Ambulatorium f\u00fcr Entwicklungsdiagnostik und Therapie Salzburg<\/p>\n<p>8 Kinder und Jugendliche mit K\u00f6rper- und Mehrfachbehinderung (einige davon im Rollstuhl) erleben eine \u00e4u\u00dferst intensive Therapiezeit, bei der aber auch Spiel und Spa\u00df nicht zu kurz kommen.<\/p>\n<p>Jedes der Kinder bekommt 2 Mal t\u00e4glich Hippotherapie, diese nicht nur in der Reithalle oder am Platz, sondern sogar ab und zu bei einem kleinen \u201eAusritt\u201c.<br \/>\nZus\u00e4tzlich werden ergotherapeutische Erfahrungen z.B. im Heu gemacht.<br \/>\nDazwischen werden sie liebevoll und lustig von einer Sonderp\u00e4dagogin und einer Praktikantin betreut\u2026 von Kartenspiel bis Pferdequiz, von \u201eStadt, Land, Fluss\u201c bis Heupferde basteln reicht die Palette.<\/p>\n<p>Am letzten Tag gibt es eine kleine Vorf\u00fchrung des Erlernten f\u00fcr die Eltern. Die Pferde werden daf\u00fcr von den Kindern besonders sch\u00f6n geputzt und frisiert \u2013 auch die Rollstuhlkids helfen flei\u00dfig mit!<\/p>\n<p>Durch diese Form der intensiven Therapie k\u00f6nnen alle Patienten gro\u00dfe Fortschritte erzielen und es lassen sich beachtliche Verbesserungen der verschiedenen k\u00f6rperlichen Einschr\u00e4nkungen erreichen.<br \/>\nAu\u00dferdem werden sehr viele Wahrnehmungsbereiche stark angesprochen, soziale Kompetenz ge\u00fcbt und nicht zuletzt Freundschaften geschlossen.<\/p>\n<p style=\"text-align: center;\"><span style=\"font-size: large;\"><a title=\"Fotoarchiv Hippowoche\" href=\"https:\/\/hippo-salzburg.at\/?page_id=56\">&gt;Fotos&lt;<\/a> \u00a0 \u00a0 \u00a0 \u00a0 \u00a0 \u00a0 \u00a0\u00a0 <a title=\"Intensivwochen Sponsoring\" href=\"https:\/\/hippo-salzburg.at\/?page_id=66\">&gt;Sponsoring&lt;<\/a><\/span><\/p>\n","protected":false},"excerpt":{"rendered":"<p>Hippotherapie Intensivwoche Die besondere Form der Physiotherapie Zeit: Erste oder zweite Sommerferienwoche t\u00e4glich von 09.30 bis 16.30 Uhr Ort: Therapiestall Haslauer, Moosstra\u00dfe 131, 5020 Salzburg Finanzierung: GENERALI Versicherung sowie Ambulatorium f\u00fcr Entwicklungsdiagnostik und Therapie der Lebenshilfe Salzburg Planung und Durchf\u00fchrung:&hellip; <\/p>\n","protected":false},"author":3,"featured_media":0,"parent":15,"menu_order":10,"comment_status":"closed","ping_status":"open","template":"","meta":[],"_links":{"self":[{"href":"https:\/\/hippo-salzburg.at\/index.php?rest_route=\/wp\/v2\/pages\/33"}],"collection":[{"href":"https:\/\/hippo-salzburg.at\/index.php?rest_route=\/wp\/v2\/pages"}],"about":[{"href":"https:\/\/hippo-salzburg.at\/index.php?rest_route=\/wp\/v2\/types\/page"}],"author":[{"embeddable":true,"href":"https:\/\/hippo-salzburg.at\/index.php?rest_route=\/wp\/v2\/users\/3"}],"replies":[{"embeddable":true,"href":"https:\/\/hippo-salzburg.at\/index.php?rest_route=%2Fwp%2Fv2%2Fcomments&post=33"}],"version-history":[{"count":11,"href":"https:\/\/hippo-salzburg.at\/index.php?rest_route=\/wp\/v2\/pages\/33\/revisions"}],"predecessor-version":[{"id":1116,"href":"https:\/\/hippo-salzburg.at\/index.php?rest_route=\/wp\/v2\/pages\/33\/revisions\/1116"}],"up":[{"embeddable":true,"href":"https:\/\/hippo-salzburg.at\/index.php?rest_route=\/wp\/v2\/pages\/15"}],"wp:attachment":[{"href":"https:\/\/hippo-salzburg.at\/index.php?rest_route=%2Fwp%2Fv2%2Fmedia&parent=33"}],"curies":[{"name":"wp","href":"https:\/\/api.w.org\/{rel}","templated":true}]}}