{"id":66,"date":"2014-01-22T18:17:24","date_gmt":"2014-01-22T16:17:24","guid":{"rendered":""},"modified":"2019-07-02T16:40:58","modified_gmt":"2019-07-02T14:40:58","slug":"intensivwochen-sponsoring","status":"publish","type":"page","link":"https:\/\/hippo-salzburg.at\/?page_id=66","title":{"rendered":"Intensivwochen Sponsoring"},"content":{"rendered":"<h1 style=\"text-align: center;\"><span style=\"color: #00ccff;\">Intensivwochen<\/span><\/h1>\n<h3><span style=\"color: #00ccff;\">Projektbeschreibung Hippotherapie Intensivwoche<\/span><\/h3>\n<p style=\"padding-left: 30px;\">8 Kinder und Jugendliche sollen im Juli eine Intensivwoche Hippotherapie erleben!<\/p>\n<p>Teilnehmer: 8 Kinder und Jugendliche mit K\u00f6rper- und Mehrfachbehinderung<br \/>\nZeit: Zweite Ferienwoche im Juli, Montag bis Samstag t\u00e4glich von 10.00 bis 16.00 Uhr<br \/>\nOrt: Therapiestall Haslauer, Moosstra\u00dfe 131 b<br \/>\nPersonal: 2 HippotherapeutInnen<br \/>\n2 Pferdef\u00fchrer<br \/>\n6 Therapiepferde<br \/>\n2 BetreuerInnen (PraktikantInnen)<\/p>\n<p>Jedes Kind bekommt t\u00e4glich je \u00bd Stunde Hippotherapie vormittags und nachmittags.<br \/>\nDazwischen gibt\u2019s Spiel und Spa\u00df, Pferde, Hunde, Katzen und H\u00fchner versorgen u.v.m.<br \/>\nGemeinsames Mittagessen im Reiterst\u00fcberl beim Stall.<\/p>\n<p>Erfahrungen aus der Vergangenheit best\u00e4tigen die Erfolge:<br \/>\nWenn man 2x t\u00e4glich Hippotherapie erh\u00e4lt und zus\u00e4tzlich in der entspannten Atmosph\u00e4re mit geschulten Betreuern den Tag verbringt, ist eine deutliche Besserung in vielen Belangen der Behinderung zu erreichen.<br \/>\nDas will ich im kommenden Sommer unbedingt auch Kindern in Salzburg erm\u00f6glichen!<\/p>\n<p>Der Kostenaufwand hierf\u00fcr betr\u00e4gt rund \u20ac 7000.- Abz\u00fcglich der Unkostenbeitr\u00e4ge pro Kind mit maximal \u20ac 150.- (damit es f\u00fcr alle Eltern leistbar bleibt), ergibt sich f\u00fcr diese Woche also eine Gesamtkostensumme von \u20ac 5800.-<\/p>\n<p>Wir hoffen auf Ihre Unterst\u00fctzung und bedanken uns herzlich im Namen der Kinder!<\/p>\n<p>Thesy Feichtinger-Zrost<\/p>\n","protected":false},"excerpt":{"rendered":"<p>Intensivwochen Projektbeschreibung Hippotherapie Intensivwoche 8 Kinder und Jugendliche sollen im Juli eine Intensivwoche Hippotherapie erleben! Teilnehmer: 8 Kinder und Jugendliche mit K\u00f6rper- und Mehrfachbehinderung Zeit: Zweite Ferienwoche im Juli, Montag bis Samstag t\u00e4glich von 10.00 bis 16.00 Uhr Ort: Therapiestall&hellip; <\/p>\n","protected":false},"author":3,"featured_media":0,"parent":19,"menu_order":20,"comment_status":"closed","ping_status":"closed","template":"","meta":[],"_links":{"self":[{"href":"https:\/\/hippo-salzburg.at\/index.php?rest_route=\/wp\/v2\/pages\/66"}],"collection":[{"href":"https:\/\/hippo-salzburg.at\/index.php?rest_route=\/wp\/v2\/pages"}],"about":[{"href":"https:\/\/hippo-salzburg.at\/index.php?rest_route=\/wp\/v2\/types\/page"}],"author":[{"embeddable":true,"href":"https:\/\/hippo-salzburg.at\/index.php?rest_route=\/wp\/v2\/users\/3"}],"replies":[{"embeddable":true,"href":"https:\/\/hippo-salzburg.at\/index.php?rest_route=%2Fwp%2Fv2%2Fcomments&post=66"}],"version-history":[{"count":7,"href":"https:\/\/hippo-salzburg.at\/index.php?rest_route=\/wp\/v2\/pages\/66\/revisions"}],"predecessor-version":[{"id":1124,"href":"https:\/\/hippo-salzburg.at\/index.php?rest_route=\/wp\/v2\/pages\/66\/revisions\/1124"}],"up":[{"embeddable":true,"href":"https:\/\/hippo-salzburg.at\/index.php?rest_route=\/wp\/v2\/pages\/19"}],"wp:attachment":[{"href":"https:\/\/hippo-salzburg.at\/index.php?rest_route=%2Fwp%2Fv2%2Fmedia&parent=66"}],"curies":[{"name":"wp","href":"https:\/\/api.w.org\/{rel}","templated":true}]}}